ctors of 11947560.
2, 3, 5, 99563
What are the prime factors of 5277367?
167, 31601
What are the prime factors of 2129926?
2, 97, 10979
What are the prime factors of 639984?
2, 3, 67, 199
What are the prime factors of 392366?
2, 13, 15091
List the prime factors of 510635.
5, 73, 1399
What are the prime factors of 133706?
2, 66853
What are the prime factors of 1482348?
2, 3, 7, 2521
What are the prime factors of 3186285?
3, 5, 212419
What are the prime factors of 8168995?
5, 79, 20681
List the prime factors of 3571907.
157, 22751
What are the prime factors of 338532?
2, 3, 28211
List the prime factors of 91757.
91757
List the prime factors of 48431.
19, 2549
What are the prime factors of 4295981?
4295981
List the prime factors of 5620427.
5620427
What are the prime factors of 7224842?
2, 37, 89, 1097
List the prime factors of 1849807.
691, 2677
List the prime factors of 2409771.
3, 7, 13, 97
List the prime factors of 3931621.
499, 7879
What are the prime factors of 196863?
3, 211, 311
What are the prime factors of 1558028?
2, 389507
What are the prime factors of 456615?
3, 5, 73, 139
What are the prime factors of 2042115?
3, 5, 109, 1249
List the prime factors of 316933.
557, 569
List the prime factors of 3142657.
7, 19, 23629
List the prime factors of 1574743.
163, 9661
List the prime factors of 1679159.
1679159
What are the prime factors of 1211302?
2, 83, 7297
List the prime factors of 171932.
2, 53, 811
List the prime factors of 1315450.
2, 5, 26309
List the prime factors of 65991.
3, 21997
What are the prime factors of 2819067?
3, 37, 109, 233
List the prime factors of 708952.
2, 23, 3853
List the prime factors of 97704.
2, 3, 23, 59
List the prime factors of 186323.
23, 8101
List the prime factors of 831314.
2, 11, 29, 1303
List the prime factors of 6024018.
2, 3, 7, 11, 13, 17, 59
List the prime factors of 663035.
5, 132607
What are the prime factors of 175499?
175499
What are the prime factors of 195275?
5, 73, 107
What are the prime factors of 461121?
3, 281, 547
List the prime factors of 132991.
17, 7823
List the prime factors of 5938110.
2, 3, 5, 7331
List the prime factors of 569900.
2, 5, 41, 139
List the prime factors of 3379300.
2, 5, 47, 719
What are the prime factors of 3279459?
3, 31, 179, 197
What are the prime factors of 4682050?
2, 5, 29, 3229
List the prime factors of 4122067.
4122067
List the prime factors of 1472242.
2, 736121
List the prime factors of 793155.
3, 5, 11, 19, 23
List the prime factors of 3395131.
3395131
List the prime factors of 586494.
2, 3, 10861
List the prime factors of 143309.
139, 1031
What are the prime factors of 454667?
307, 1481
List the prime factors of 6916798.
2, 7, 19, 26003
List the prime factors of 3291728.
2, 11, 59, 317
What are the prime factors of 3063?
3, 1021
What are the prime factors of 22355?
5, 17, 263
List the prime factors of 8061085.
5, 31, 131, 397
What are the prime factors of 3889695?
3, 5, 257, 1009
List the prime factors of 466537.
466537
List the prime factors of 6076282.
2, 41, 74101
List the prime factors of 187063.
283, 661
List the prime factors of 5629824.
2, 3, 181
What are the prime factors of 103915?
5, 7, 2969
List the prime factors of 379012.
2, 19, 4987
List the prime factors of 10030994.
2, 311, 16127
List the prime factors of 361190.
2, 5, 19, 1901
What are the prime factors of 640834?
2, 320417
What are the prime factors of 4401268?
2, 41, 47, 571
What are the prime factors of 6580309?
17, 387077
List the prime factors of 337004.
2, 173, 487
List the prime factors of 487532.
2, 121883
List the prime factors of 23220282.
2, 3, 3870047
List the prime factors of 4276309.
1237, 3457
List the prime factors of 11986473.
3, 19, 23, 41, 223
List the prime factors of 26510163.
3, 89, 99289
What are the prime factors of 23831534?
2, 11915767
List the prime factors of 247765.
5, 7, 7079
List the prime factors of 2130757.
2130757
What are the prime factors of 670096?
2, 7, 31, 193
What are the prime factors of 283593?
3, 94531
List the prime factors of 1420103.
991, 1433
What are the prime factors of 22053249?
3, 101, 8087
List the prime factors of 2501389.
11, 227399
List the prime factors of 175885.
5, 29, 1213
List the prime factors of 11886309.
3, 107, 12343
What are the prime factors of 105786?
2, 3, 653
List the prime factors of 310124.
2, 31, 41, 61
List the prime factors of 421864.
2, 52733
List the prime factors of 1720647.
3, 41, 4663
List the prime factors of 1175560.
2, 5, 29389
What are the prime factors of 627266?
2, 17, 19, 971
List the prime factors of 6071476.
2, 1517869
What are the prime factors of 1285285?
5, 17, 15121
What are the prime factors of 188567?
101, 1867
What are the prime factors of 397012?
2, 7, 11, 1289
What are the prime factors of 290829?
3, 7, 11, 1259
What are the prime factors of 4068479?
4068479
What are the prime factors of 384804?
2, 3, 7, 509
What are the prime factors of 659623?
19, 149, 233
List the prime factors of 8680278.
2, 3, 1446713
What are the prime factors of 2006561?
17, 118033
What are the prime factors of 5883434?
2, 89, 33053
What are the prime factors of 1932460?
2, 5, 23, 4201
What are the prime factors of 3578824?
2, 447353
List the prime factors of 514606.
2, 79, 3257
What are the prime factors of 10067661?
3, 1118629
List the prime factors of 126999.
3, 103, 137
What are the prime factors of 1430006?
2, 17, 137, 307
What are the prime factors of 4206723?
3, 23, 41, 1487
What are the prime factors of 3128313?
3, 37, 28183
What are the prime factors of 2877001?
23, 43, 2909
List the prime factors of 674956.
2, 19, 83, 107
What are the prime factors of 173753?
239, 727
What are the prime factors of 28590536?
2, 13, 274909
What are the prime factors of 316607?
137, 2311
What are the prime factors of 800617?
43, 433
What are the prime factors of 3455480?
2, 5, 7, 41, 43
What are the prime factors of 5847472?
2, 365467
List the prime factors of 22616595.
3, 5, 502591
List the prime factors of 485539.
487, 997
List the prime factors of 508960.
2, 5, 3181
What are the prime factors of 20495?
5, 4099
List the prime factors of 391590.
2, 3, 5, 19, 229
What are the prime factors of 457802?
2, 228901
List the prime factors of 10460844.
2, 3, 67, 4337
List the prime factors of 5430578.
2, 2715289
List the prime factors of 2460618.
2, 3, 61, 83
List the prime factors of 888971.
113, 7867
List the prime factors of 2276338.
2, 59, 101, 191
List the prime factors of 20919920.
2, 5, 7, 37357
What are the prime factors of 4703044?
2, 587, 2003
List the prime factors of 47115.
3, 5, 349
List the prime factors of 7916786.
2, 103, 38431
List the prime factors of 21592.
2, 2699
What are the prime factors of 241679?
241679
What are the prime factors of 343569?
3, 71, 1613
What are the prime factors of 4437532?
2, 11, 100853
What are the prime factors of 179662?
2, 7, 41, 313
What are the prime factors of 38338143?
3, 19, 461, 1459
What are the prime factors of 68440?
2, 5, 29, 59
List the prime factors of 2855006.
2, 7, 11, 18539
What are the prime factors of 129920?
2, 5, 7, 29
What are the prime factors of 836267?
836267
List the prime factors of 870533.
870533
What are the prime factors of 6066512?
2, 379157
What are the prime factors of 7003330?
2, 5, 593, 1181
What are the prime factors of 45289?
45289
What are the prime factors of 4007256?
2, 3, 11, 43, 353
List the prime factors of 1560690.
2, 3, 5, 17341
List the prime factors of 484515.
3, 5, 37, 97
What are the prime factors of 122341?
19, 47, 137
What are the prime factors of 4099602?
2, 3, 13, 311
What are the prime factors of 421366?
2, 11, 107, 179
What are the prime factors of 636696?
2, 3, 37, 239
List the prime factors of 469015.
5, 19, 4937
What are the prime factors of 2349788?
2, 7, 83921
List the prime factors of 70279.
11, 6389
What are the prime factors of 26376971?
3089, 8539
List the prime factors of 3995207.
3995207
What are the prime factors of 111589?
151, 739
List the prime factors of 3941485.
5, 157, 5021
List the prime factors of 866486.
2, 107, 4049
What are the prime factors of 513687?
3, 83, 2063
What are the prime factors of 138260?
2, 5, 31, 223
List the prime factors of 316715.
5, 7, 9049
List the prime factors of 4605802.
2, 101, 151
Lis